?
3
Let k = 53 + -54. What are the prime factors of (150 - 4) + ((-5)/k - 1)?
2, 3, 5
Let n = -5 + 5. Suppose -2 + n = -s. Suppose -r = -s*r + 38. List the prime factors of r.
2, 19
Let b(s) = -s**2 + 4*s + 2. Let i be b(4). Suppose -3 = i*y - 15. Suppose 4*l + 6 = y*l. List the prime factors of l.
3
Let y(i) be the second derivative of i**4/4 - i**3 - 5*i**2 + 3*i. List the prime factors of y(6).
2, 31
Let a(x) = -x**3 + 14*x**2 + 15*x - 15. Let m be a(13). Let f = m - 137. List the prime factors of f.
2, 53
Let d = -97 - -68. Let h = 106 + d. What are the prime factors of h?
7, 11
What are the prime factors of 210/12 - 3/6?
17
Suppose 108 + 82 = -2*d. Let y = -46 - d. What are the prime factors of y?
7
Suppose 2*b = -2*t + 186, 9 = -5*t - 1. What are the prime factors of b?
5, 19
Let j be -10*(-2 + 16/20). Suppose 4*k - 4*q + j = 0, k + 9 = 2*q + q. Suppose k = 5*n - 0*n - 5, -5*t - 2*n = -127. What are the prime factors of t?
5
Suppose s - 3*j = 16, 0 = -4*s + 3*j + 38 + 17. Let g = s - 10. Suppose 75 = g*b - 0*b. List the prime factors of b.
5
Let m(k) = 7*k**2 - 32 + k - k**3 + 17 + 14. Let x be m(7). Let y = 11 - x. What are the prime factors of y?
5
Let i(c) = -7 - 42*c + 5*c + 19*c - 6. List the prime factors of i(-3).
41
Let b = 321 - -2. List the prime factors of b.
17, 19
List the prime factors of 1393/5 + -3 - (-4)/10.
2, 3, 23
Let r be 30/20 - (-1311)/6. Suppose 14*d = 12*d + r. What are the prime factors of d?
2, 5, 11
Suppose 2*q + 4 = 0, -4*q + 15 + 22 = 3*m. Suppose 5*i + 2360 = m*i. What are the prime factors of i?
2, 59
Let l(h) = h**2 + 1. Let a(t) = -57*t**2 + 2*t + 8. Let w(m) = -a(m) + 5*l(m). List the prime factors of w(-1).
61
Let l(h) = h**2 - 10*h + 13. Let v be l(13). Let m = -13 + v. What are the prime factors of m?
3, 13
Suppose 0 = -7*r + 16*r - 5535. What are the prime factors of r?
3, 5, 41
Suppose 0 = 2*k - 506 - 1700. What are the prime factors of k?
1103
Suppose -7*v + 150 = -2*v. Suppose 0 = -4*u + v - 350. Let h = -21 - u. List the prime factors of h.
59
Suppose u - 29*u = -13020. What are the prime factors of u?
3, 5, 31
Suppose 268 = x - 5*w, 3*x - w = 6*x - 852. What are the prime factors of x?
283
Let c be 12 - 12 - (-1 - 336). Let g = c + -171. List the prime factors of g.
2, 83
Let t(h) = -h**3 + 2*h**2 + 4*h - 1. Let l be t(3). Suppose -2*b + 3*v + 270 = -l*v, -4*b - 2*v = -492. What are the prime factors of b?
5
Suppose -2*i - 3*i + 119 = p, -2*i + 54 = 2*p. Suppose -3*n + 7 = -4*u - 5, -4*n + 2*u = -6. Suppose n = -2*t + 71 - i. What are the prime factors of t?
2, 3
Let f = -2457 - -3844. What are the prime factors of f?
19, 73
Let b(i) be the third derivative of i**6/120 - i**5/60 - i**4/24 + 71*i**3/6 - 10*i**2. List the prime factors of b(0).
71
Let h = 74 + -137. Let j = -17 - h. List the prime factors of j.
2, 23
Let z = -54 - -61. Suppose -731 - 18 = -z*t. List the prime factors of t.
107
Suppose -4*s = -5*s + 173. Suppose 9 = 4*d + s. List the prime factors of (-2 + 4)*d/(-2).
41
Suppose -5*d - 42 = -67. What are the prime factors of 30/50 + 1142/d?
229
Let p(h) = -h - 2. Let s be p(-7). Suppose 3*b - s*b = -4. Suppose -4*w - m + 62 = -b*m, 4*w - 2*m - 60 = 0. What are the prime factors of w?
2
Let f be -2 - 6*(-2 - -1). Let w = -51 - -78. Suppose -2*i + w = b, 107 = f*i - 3*b + 38. List the prime factors of i.
3, 5
Suppose 0 = -0*t - t + 5*a + 828, 4*a - 819 = -t. List the prime factors of t.
823
Let b(c) = c**2 + 10*c - 10. Let r be 2/10 + 61/(-5). Let t be b(r). Let o = t - 0. What are the prime factors of o?
2, 7
Suppose 0 = 46*q - 131401 - 37925. What are the prime factors of q?
3, 409
Suppose -3*u + 5*w - 3*w = -196, -2*u - 4*w + 152 = 0. What are the prime factors of u?
2, 17
Let o(l) be the second derivative of 7*l**4/12 - 5*l**3/2 + 5*l**2 - 26*l. List the prime factors of o(6).
2, 43
Let u be (-36)/63*(-119)/2. Let w = 106 - u. What are the prime factors of w?
2, 3
Suppose 0 = -4*l + 2*a - 556, 3*a = -l - 0*l - 132. Let b = l + 392. Suppose -5*d - 24 + b = 0. List the prime factors of d.
2, 23
Let s(j) = -7*j**2 - 12. Let y(c) = 15*c**2 + 25. Let t(b) = -13*s(b) - 6*y(b). Let w be t(0). Suppose -90 = -3*m - w. What are the prime factors of m?
2, 7
Let v be 6 - 28/4 - 1*-7. Suppose v*y = y - f + 541, 4*f - 529 = -5*y. What are the prime factors of y?
109
Let d be 0*3/6 + -4. Let k be ((-2123)/44)/(1/d). Suppose 0 = -0*h - 4*h - 3*p + k, -5*h + 255 = p. List the prime factors of h.
2, 13
Let p = 3206 + 695. What are the prime factors of p?
47, 83
What are the prime factors of (-4)/(-6) + (-6800)/(-15) + -10?
2, 3, 37
Let z(g) = -3*g**2 - 2. Let q be z(2). Let h(x) = -x**2 - 18*x + 14. What are the prime factors of h(q)?
2, 5, 7
Suppose 0 = 3*v - 2*v - 3. Let k(m) = 12*m - 4. Let b be k(v). Suppose 13 = r - b. What are the prime factors of r?
3, 5
Suppose 12*p - 31006 + 4162 = 0. What are the prime factors of p?
2237
Let l(c) = -5*c**2 + 46*c - 93. Let y(g) = 2*g**2 - 15*g + 31. Let u(j) = -3*l(j) - 8*y(j). What are the prime factors of u(-16)?
3, 7
Suppose -854 = 62*v - 64*v. What are the prime factors of v?
7, 61
Let a = 475 + -147. What are the prime factors of a?
2, 41
Suppose 7867 = 18*w - 14687. List the prime factors of w.
7, 179
Let u(o) = -3*o - 2. Suppose 0 = -j - 5*f - 23, -j + 20 = -4*f + 7. Let b be u(j). Suppose -2*y = 2*d - 4, y - 13 = 5*d + b. List the prime factors of y.
5
Let p be (4/6)/((-6)/(-549)). Suppose -w - 3*h + 83 = 22, -p = -w + 2*h. What are the prime factors of w?
61
List the prime factors of -511*(6 - (-220)/(-35)).
2, 73
Let s(p) = -p**2 + 6*p + 2. Let g be (-8)/28 - (-74)/14. Let h be s(g). Suppose -l + 56 = h*l. What are the prime factors of l?
7
Let t = -29 + 175. Let z = t - 73. What are the prime factors of z?
73
Let i(m) = 10*m**2 + 8*m - 95. What are the prime factors of i(15)?
5, 7, 13
Suppose 25 = -3*j + 8*j, -5*p + 3615 = j. List the prime factors of p.
2, 19
Let z be 8/(-360)*6 - (-133)/(-15). Let r(g) = g + 29. What are the prime factors of r(z)?
2, 5
Let g(a) be the third derivative of a**6/60 - 3*a**5/20 - a**4/12 - 3*a**3/2 + 28*a**2. List the prime factors of g(5).
2, 3
Suppose -4*q = -16, -12*b - 1422 = -14*b - q. What are the prime factors of b?
709
Let n(t) = t**2 - 2. Let i be n(4). Let u(l) = i - 26 + 2*l + l. What are the prime factors of u(9)?
3, 5
Let z = -1 - -4. Let s be (-7 - -2)/(-1) - 2. Let g = z + s. What are the prime factors of g?
2, 3
Let b(u) = 3*u. Let c(w) = 4*w. Let i(j) = 5*b(j) - 4*c(j). Let z be i(-3). Suppose 0*m - m = 2, -3*a = z*m - 39. List the prime factors of a.
3, 5
Let m(h) = 70*h - 264. What are the prime factors of m(14)?
2, 179
What are the prime factors of 6/1 + (-2900)/(-25)?
2, 61
Let b = -18 - -27. Suppose -130 = 7*w - b*w. What are the prime factors of w?
5, 13
Let v(k) = k**2 + 16*k - 26. Suppose -2*c - 29 = 11. List the prime factors of v(c).
2, 3
Let x = -1134 + 1689. What are the prime factors of 1 + -1 + x/5?
3, 37
Suppose 20 = -5*j, g - 585 = -3*j + 121. List the prime factors of g.
2, 359
Suppose 2*r = -r + 54. Let m = 58 - r. What are the prime factors of m?
2, 5
What are the prime factors of 265/2*36/10?
3, 53
Suppose 4*t - 3*t = -7. Let y be 4/(-14) + (-2)/t. Suppose 0 = 4*b - 8 - y. List the prime factors of b.
2
Let s(u) = -15*u - 13. Let b(j) = j**2 + 2*j - 15. Let k be b(-4). What are the prime factors of s(k)?
2, 23
Suppose 4*y + 16 = 0, -2*n - y = -0*y - 2. Suppose 0*z - n*z + 162 = 0. Let w = -19 + z. List the prime factors of w.
5, 7
Let z = -15 + 13. Let f be 2 + -1 - (z - 1). List the prime factors of (f/(-6))/(4/(-102)).
17
Suppose -r + 17 = 3*b + 3, -4*b = -16. Suppose -2*y = -3*f + 200, r*y = f - 46 - 18. What are the prime factors of f?
2, 17
Suppose 275 = j - 103. What are the prime factors of j?
2, 3, 7
Suppose -z - 12 = -j - 7, -4*z = 3*j - 43. What are the prime factors of 2370/8 + 10/(120/j)?
3, 11
Let j = 173 + -45. List the prime factors of (-2)/(-3)*(j + 1/1).
2, 43
Suppose -17 = 2*r - 19. What are the prime factors of 1 + 79 - r - (27 - 25)?
7, 11
Suppose 0 = 5*x - 0*x - 15. Suppose -q - 5*h + 0*h = -21, -5*q + 189 = -x*h. List the prime factors of q.
2, 3
Let g(h) = h + 5. Let c be g(-8). Let a(r) = -25*r - 8. What are the prime factors of a(c)?
67
Suppose -